the remainder when 37282 is divided by 79?
73
Calculate the remainder when 78450 is divided by 26149.
3
Calculate the remainder when 98737 is divided by 167.
40
Calculate the remainder when 204926 is divided by 128.
126
Calculate the remainder when 100648 is divided by 977.
17
What is the remainder when 60166 is divided by 20048?
22
Calculate the remainder when 3784 is divided by 760.
744
Calculate the remainder when 4779 is divided by 802.
769
Calculate the remainder when 33838 is divided by 4820.
98
Calculate the remainder when 24352 is divided by 27.
25
What is the remainder when 798 is divided by 137?
113
What is the remainder when 276688 is divided by 30?
28
What is the remainder when 32138 is divided by 104?
2
Calculate the remainder when 1402118 is divided by 2099.
2085
What is the remainder when 38050 is divided by 4755?
10
Calculate the remainder when 7685 is divided by 274.
13
Calculate the remainder when 57883 is divided by 153.
49
What is the remainder when 24289 is divided by 12141?
7
Calculate the remainder when 584 is divided by 184.
32
What is the remainder when 13704 is divided by 4545?
69
What is the remainder when 360 is divided by 154?
52
What is the remainder when 63358 is divided by 288?
286
Calculate the remainder when 4606 is divided by 426.
346
What is the remainder when 10766 is divided by 164?
106
Calculate the remainder when 2901 is divided by 2873.
28
What is the remainder when 12217 is divided by 12201?
16
What is the remainder when 59488 is divided by 31?
30
What is the remainder when 374003 is divided by 186991?
21
Calculate the remainder when 484 is divided by 89.
39
Calculate the remainder when 6232 is divided by 1547.
44
Calculate the remainder when 3165 is divided by 1052.
9
What is the remainder when 3873 is divided by 2005?
1868
What is the remainder when 33102 is divided by 34?
20
What is the remainder when 12318 is divided by 1231?
8
Calculate the remainder when 41862 is divided by 2325.
12
Calculate the remainder when 800 is divided by 267.
266
Calculate the remainder when 274305 is divided by 21.
3
Calculate the remainder when 2614 is divided by 1938.
676
What is the remainder when 40054 is divided by 15?
4
Calculate the remainder when 1412 is divided by 1220.
192
Calculate the remainder when 4414 is divided by 4370.
44
What is the remainder when 1267 is divided by 32?
19
Calculate the remainder when 2130507 is divided by 218.
211
Calculate the remainder when 10160 is divided by 27.
8
What is the remainder when 26897 is divided by 816?
785
Calculate the remainder when 5643 is divided by 521.
433
Calculate the remainder when 22857 is divided by 3237.
198
What is the remainder when 89 is divided by 31?
27
What is the remainder when 274595 is divided by 107?
33
What is the remainder when 215179 is divided by 45?
34
What is the remainder when 289171 is divided by 268?
267
What is the remainder when 7049 is divided by 7004?
45
What is the remainder when 27242 is divided by 9080?
2
Calculate the remainder when 426912 is divided by 113.
111
Calculate the remainder when 292958 is divided by 43.
42
Calculate the remainder when 2588 is divided by 2583.
5
What is the remainder when 23182 is divided by 5103?
2770
What is the remainder when 464 is divided by 114?
8
What is the remainder when 31188 is divided by 1005?
33
Calculate the remainder when 12523 is divided by 196.
175
Calculate the remainder when 3327 is divided by 30.
27
What is the remainder when 17947 is divided by 19?
11
Calculate the remainder when 67236 is divided by 410.
406
Calculate the remainder when 784 is divided by 768.
16
What is the remainder when 1969 is divided by 109?
7
What is the remainder when 252164 is divided by 28?
24
What is the remainder when 37002 is divided by 2643?
0
Calculate the remainder when 341643 is divided by 533.
523
What is the remainder when 8209 is divided by 283?
2
What is the remainder when 14425 is divided by 69?
4
What is the remainder when 244994 is divided by 429?
35
Calculate the remainder when 50319 is divided by 362.
1
What is the remainder when 5998 is divided by 26?
18
What is the remainder when 98835 is divided by 178?
45
Calculate the remainder when 186873 is divided by 419.
418
Calculate the remainder when 90191 is divided by 1142.
1115
Calculate the remainder when 3466 is divided by 1150.
16
What is the remainder when 2151358 is divided by 1245?
1243
What is the remainder when 11254 is divided by 486?
76
What is the remainder when 3970 is divided by 1276?
142
Calculate the remainder when 44984 is divided by 271.
269
What is the remainder when 9709 is divided by 117?
115
Calculate the remainder when 391393 is divided by 203.
9
Calculate the remainder when 3369 is divided by 113.
92
What is the remainder when 71966 is divided by 16?
14
Calculate the remainder when 2669 is divided by 87.
59
Calculate the remainder when 137922 is divided by 45970.
12
Calculate the remainder when 219875 is divided by 37.
21
What is the remainder when 34543 is divided by 158?
99
Calculate the remainder when 209542 is divided by 343.
312
What is the remainder when 116698 is divided by 318?
310
What is the remainder when 1661716 is divided by 10?
6
What is the remainder when 31890 is divided by 45?
30
Calculate the remainder when 12356 is divided by 13.
6
Calculate the remainder when 11668 is divided by 554.
34
What is the remainder when 35391 is divided by 862?
49
What is the remainder when 175217 is divided by 67?
12
Calculate the remainder when 321 is divided by 54.
51
What is the remainder when 14760 is divided by 1304?
416
Calculate the remainder when 17811 is divided by 850.
811
Calculate the remainder when 8464 is divided by 326.
314
Calculate the remainder when 3296 is divided by 791.
132
Calculate the remainder when 2322 is divided by 68.
10
Calculate the remainder when 891773 is divided by 962.
961
Calculate the remainder when 20806 is divided by 1299.
22
What is the remainder when 4226 is divided by 151?
149
What is the remainder when 2627 is divided by 857?
56
Calculate the remainder when 374194 is divided by 12473.
4
What is the remainder when 294135 is divided by 223?
221
Calculate the remainder when 8540 is divided by 1077.
1001
Calculate the remainder when 73691 is divided by 10518.
65
What is the remainder when 25636 is divided by 233?
6
Calculate the remainder when 104297 is divided by 26.
11
Calculate the remainder when 7138 is divided by 2378.
4
What is the remainder when 3428 is divided by 33?
29
What is the remainder when 2564 is divided by 324?
296
What is the remainder when 24064 is divided by 13?
1
What is the remainder when 16835 is divided by 92?
91
Calculate the remainder when 4641 is divided by 1546.
3
Calculate the remainder when 4476 is divided by 141.
105
What is the remainder when 14315 is divided by 317?
50
What is the remainder when 13372 is divided by 2664?
52
What is the remainder when 28937 is divided by 3607?
81
What is the remainder when 35221 is divided by 11736?
13
Calculate the remainder when 22781 is divided by 4.
1
Calculate the remainder when 7120 is divided by 2330.
130
Calculate the remainder when 11338 is divided by 3.
1
What is the remainder when 5086 is divided by 75?
61
What is the remainder when 164131 is divided by 6?
1
Calculate the remainder when 42136 is divided by 8424.
16
What is the remainder when 5044 is divided by 5021?
23
Calculate the remainder when 22446 is divided by 3206.
4
Calculate the remainder when 7928 is divided by 50.
28
Calculate the remainder when 4437 is divided by 58.
29
What is the remainder when 1252 is divided by 84?
76
Calculate the remainder when 42637 is divided by 2022.
175
What is the remainder when 176427 is divided by 7?
6
What is the remainder when 11781 is divided by 5392?
997
What is the remainder when 4280 is divided by 855?
5
Calculate the remainder when 3545 is divided by 300.
245
What is the remainder when 73439 is divided by 45?
44
What is the remainder when 1403 is divided by 164?
91
Calculate the remainder when 5429 is divided by 239.
171
Calculate the remainder when 285013 is divided by 31.
30
Calculate the remainder when 235127 is divided by 97.
96
Calculate the remainder when 136819 is divided by 12.
7
Calculate the remain